 the greatest common divisor of 125 and w.
25
Let v be 3 - (-4 + (0 - 1)). Suppose 2*m = 3*m - v. Let x be (6/(-8))/(m/(-96)). Calculate the highest common divisor of 72 and x.
9
Let a = -38 + 28. Let s be (1 + a/4)*320/(-48). Let y(h) = h**2 + 15. Let x be y(s). Calculate the greatest common divisor of 23 and x.
23
Suppose -5*s + s + y + 78 = 0, 5*s - y = 98. Let q be (0 - s)/((-12)/(-2946)). Let g be q/(-26) - (-6)/39. Calculate the greatest common divisor of 21 and g.
21
Let m(y) = -y**3 + 9*y**2 + 8*y - 43. Let o be m(8). What is the greatest common divisor of o and 4369?
17
Let q = -459 + 753. What is the highest common divisor of 12 and q?
6
Let k(x) = -x**3 + 9*x**2 + 38*x - 29. Let a be k(12). Let l be a - (3 + -6) - 30/(-5). What is the highest common factor of 28 and l?
4
Suppose 4*f + 7*t - 474 = 9*t, -f - 3*t = -108. Suppose 43 = 6*p - 11. What is the greatest common divisor of f and p?
9
Let x = -8249 - -8497. What is the greatest common divisor of x and 80?
8
Let i be 2/(1/((-5)/(-10)))*(-492)/(-41). What is the greatest common factor of i and 972?
12
Let v = 15112 - 14139. Calculate the highest common divisor of 119 and v.
7
Let o = 227 + 46. Suppose o = 10*t + 23. Calculate the greatest common factor of 375 and t.
25
Let n = -2871 + 2907. What is the greatest common divisor of n and 32?
4
Let k(y) = -3*y**2 - 18*y - 17. Suppose -19 - 2 = 3*j. Let d be k(j). Let q = d + 68. What is the highest common divisor of 10 and q?
10
Suppose -8*a - 52*a + 10764 = 78*a. Suppose -3*t + 65 = -o - 15, -3*t = 2*o - 74. Calculate the greatest common factor of a and t.
26
Let q be (0/1)/(-2*1). Suppose 2*b + q*b = -10. Let l be 38*((-25)/20)/(b/2). Calculate the greatest common factor of l and 38.
19
Let h = 8354 - 8092. What is the greatest common factor of h and 8?
2
Let w(n) = 15*n + 171. Suppose 4*j + 12*j = -160. Let x be w(j). Calculate the highest common divisor of 119 and x.
7
Suppose 8 - 26 = -3*z, 0 = -c + 3*z + 2175. Calculate the greatest common divisor of c and 408.
51
Suppose 77414 = 170*j - 24586. Calculate the highest common divisor of 675 and j.
75
Suppose 0 = 2*x - 5*z - 92, -x = -2*z + 41 - 84. What is the greatest common divisor of x and 6510?
31
Let i = 5848 + 8712. Suppose -2*b + i = 12*b. Calculate the greatest common divisor of b and 20.
20
Suppose 0 = -5*q + 3*z + 194, 3*q + 3*z = z + 124. Let t be 4/36*810/18. What is the greatest common divisor of t and q?
5
Let k(l) = 2*l + 4. Let t be k(5). Suppose t*o + 13 - 111 = 0. Suppose 0 = 4*i - o*i + 270. What is the greatest common divisor of i and 225?
45
Let q(h) = 2*h**2 - 11*h + 19. Let u be q(11). Let v = 1589 + -1569. Calculate the greatest common factor of v and u.
20
Let a(v) = -54*v. Let g be a(-6). Let n = -141682 + 141694. What is the highest common factor of g and n?
12
Let r be (30/6)/((-2)/(-76)). Let d = 227 - r. What is the greatest common factor of 111 and d?
37
Let u = -5149 + 6741. Calculate the highest common divisor of 2 and u.
2
Let m be 404/10 + 2/(-5). Let o = 109 + -12. Suppose o = 10*x + 17. Calculate the highest common divisor of m and x.
8
Let r(s) = -3*s + 101. Let h be r(23). Let q = h + 168. Calculate the highest common factor of 25 and q.
25
Suppose -5844 = -75*b + 22996 + 26360. What is the highest common divisor of 32 and b?
32
Let q(r) = r**2 + 106*r - 2502. Let y be q(-126). What is the highest common factor of y and 13842?
18
Let r = -10885 + 10895. What is the greatest common factor of r and 890?
10
Suppose -41 - 10 = 3*j. Let m = 20 + j. Suppose -m*c = 5 - 47. Calculate the greatest common divisor of 126 and c.
14
Let r = 471 + -468. Suppose 0 = -r*l + 22 + 56. What is the highest common divisor of l and 117?
13
Let c(k) = -318 - k**2 + 54*k + 516 - 55*k. Suppose -2*z = 2*m + 6, 4*m = z - m - 15. Let a be c(z). Calculate the highest common factor of a and 18.
18
Suppose 3*n - 239 = -2*w, -3*n - 448 = -4*w + n. Let v = 117 - w. Let a be -42*(20/(-8) + (v - 2)). Calculate the greatest common factor of 35 and a.
35
Suppose 2*o - 3 = 61. Let g(v) = -5*v + 9. Let d be g(4). Let j(w) = w**2 + 29*w + 214. Let n be j(d). What is the highest common factor of o and n?
16
Let d = -3090 - -3734. Calculate the highest common factor of 1564 and d.
92
Suppose 30*z + 10 + 20 = 0. Let l be (z/(7/(-40)))/(326/1141). Calculate the highest common factor of 1 and l.
1
Let i = -131 - -107. Let o be 1/((-177)/(-913) + i/132). Suppose 3*v = 4*r + r - 391, -r + 3*v + o = 0. Calculate the highest common factor of 7 and r.
7
Suppose 0 = -0*d - 4*d + 2*q + 20, 4*d - 4 = -2*q. Suppose d*s - 90 = 81. Calculate the highest common factor of 19 and s.
19
Let t = 15140 - 15104. Calculate the highest common divisor of t and 3936.
12
Let m(r) = r**3 + 9*r**2 + 13*r - 7. Let n be m(-7). Let l(c) = -c**2 - 30*c + 8. Let d be l(n). Calculate the highest common factor of d and 1.
1
Let c = 512 + -516. Let l be -3*(464/12)/c. Calculate the highest common factor of l and 319.
29
Let w be (57 + -4337)/(1 - (4 - 1)). Calculate the highest common factor of w and 20.
20
Suppose -w - 3*h + 333 = 3*w, -2*h = -4*w + 338. Suppose -5*o - w = -4*r - 0*o, r + o = 12. What is the greatest common divisor of r and 64?
16
Suppose 441*u - 426 = 420*u + 750. What is the highest common factor of u and 64?
8
Let i(n) = n + 256. Let s be i(-14). Suppose -7 = a - 1. Let d(c) = 3*c**2 + 16*c + 10. Let t be d(a). What is the highest common divisor of t and s?
22
Suppose -17*v = -70 - 83. Let k be (1*12)/(13 - v). What is the highest common divisor of 3 and k?
3
Let w = -1184 - -1384. Calculate the highest common divisor of w and 680.
40
Suppose z - 2*t = -5, 0 = 2*z + 5*t - 54 + 19. Suppose 0 = -5*q, z*q = 4*i + q - 120. Let h = -171999 + 172005. What is the highest common divisor of h and i?
6
Let x = -1 + 3. Let o = 68 + -14. Calculate the highest common factor of x and o.
2
Suppose 0 = i + s - 359, 383*i + 2*s = 385*i - 686. What is the greatest common factor of i and 216?
27
Let l = 14 - -34. Suppose 325*t - 6093 - 3556 = 751. What is the highest common factor of t and l?
16
Suppose 11*m = -2*m + m + 720. Calculate the greatest common factor of m and 192.
12
Let k = -9 + 13. Suppose -115 = 7*s + 1887. Let o be s/33*(-7 - (-1)/1). What is the greatest common divisor of k and o?
4
Suppose -3*s + 16 = -2*b, s - 8 = b + 3*s. Let m be b/12*(-1)/((-4)/(-270)). Calculate the greatest common divisor of 45 and m.
45
Let u = 120 + -88. Suppose u*m = 33*m - 198. What is the greatest common divisor of 44 and m?
22
Let t = 63 + -38. Let m = -17 + t. Let o(y) = -y**3 + 4*y**2 + y - 4. Let v be o(3). Calculate the highest common factor of m and v.
8
Suppose -21167 - 79523 = -20*n - 9190. Calculate the greatest common factor of n and 30.
15
Suppose -60*x = -6305 + 2525. What is the highest common divisor of 259 and x?
7
Let s = 576 - 541. Suppose -s*f = -139 - 246. What is the greatest common factor of f and 55?
11
Suppose -14 = -2*y + 8. Suppose 66*n - 74*n - 1472 = 0. Let p = n + 195. Calculate the greatest common factor of y and p.
11
Let c = -199 + 199. Suppose -11*z + 7*z - i + 2389 = c, 4*z - 2404 = 4*i. Calculate the greatest common divisor of 46 and z.
46
Let m(j) = -6*j**3 - 84*j**2 + j + 25. Let k be m(-14). Calculate the highest common factor of k and 35431.
11
Suppose -1175 - 125 = -25*d. Suppose -5*v + u + 2*u - 77 = 0, -u + 30 = -2*v. Let p = 26 + v. Calculate the highest common factor of p and d.
13
Let t(z) = -44*z - 2126. Let q be t(-49). What is the greatest common factor of 1665 and q?
15
Let v(b) = -17 + b + b + b**2 + 6*b + 2*b**2. Let s be v(5). Let w be (-12)/(-15)*(-210)/(-12). Calculate the greatest common factor of s and w.
14
Let j = -92 - 60. Let s = j - -156. What is the highest common factor of 128 and s?
4
Let v(z) = 32*z + 34 - 3*z + 69. Let u be v(-2). What is the greatest common factor of 6 and u?
3
Suppose 3*s - 280 = -o, 2*s + 290 = 5*s - o. Calculate the greatest common factor of 225 and s.
5
Let y be -9*((-9)/3 + (0 - 0)/(-4)). What is the greatest common divisor of y and 27?
27
Suppose 9*v + 8 = -28. Let l be 50 - (-4 - (-4 + v + 4)). Suppose 115 = 5*c + l. What is the highest common factor of 52 and c?
13
Let b be 22/(-2310)*-21*8555. What is the greatest common divis